 prime factors of s.
3, 31
Let u(y) = -y**3 + 22*y**2 - 11*y + 10. Let w be u(13). Suppose f + 13*x - 16*x = 468, x + w = 3*f. What are the prime factors of f?
2, 3, 7, 11
Suppose 5*l - 124947 = -3*n, 3*l - 42*n + 47*n - 74949 = 0. What are the prime factors of l?
3, 2777
Let h = 2859 - 1332. What are the prime factors of h?
3, 509
Let f = -36049 + 62448. What are the prime factors of f?
26399
Suppose 4*g = -20, 15 + 14 = 2*a - 5*g. Suppose 6 = -2*h - h, -b - a = -4*h. Let s = 75 + b. List the prime factors of s.
5, 13
Suppose -172*y + 321042 = -234690. What are the prime factors of y?
3, 359
What are the prime factors of (-30)/(-14) + -1 - 55/(-308)*178460?
3, 3541
Suppose 2*l - 6*l = -732. Let d = l - -19. Suppose -5*m + 3*m = -d. What are the prime factors of m?
101
Let y(v) = 112*v**2 - 22*v - 269. What are the prime factors of y(-12)?
23, 701
Suppose 0 = 9595*l - 9633*l + 1415728. List the prime factors of l.
2, 4657
Suppose 0 = 3*q + 32 + 16. Let o be q/(-12)*(-6)/(-4). Suppose 2*t - 188 = o*f, f + 3*f = -3*t + 254. What are the prime factors of t?
2, 3, 5
Suppose 5*c - 5*b + 464 + 686 = 0, 12 = 4*b. Let j = 6 - c. List the prime factors of j.
233
Let g = 15 - -18. Suppose -35*i = -g*i - 8. Suppose -2*m + b = -3*b - 176, -i*b = 2*m - 208. What are the prime factors of m?
2, 3
Suppose -a - 2*f = -2*a - 22, 4*f - 92 = 5*a. Let l be 2*44/a*12. Let g = 125 + l. List the prime factors of g.
59
Let q = 157 - 261. Let l = q - -163. List the prime factors of l.
59
Suppose 2*j - 14 - 2 = 0. Let w = j - 3. Suppose 5*n + 5*i = 90, -4*i = -w*n + i + 80. List the prime factors of n.
17
Suppose 17*m - 121248 + 8011 = 0. What are the prime factors of m?
6661
Let a(b) = b**2 - 5*b + 22. Let c be a(7). Suppose 18*d = 17*d + c. List the prime factors of d.
2, 3
Let f(u) = 1410*u**2 - 2*u - 2. Let c be f(-1). Suppose 0 = b + 4, 3*b - c - 638 = -4*m. What are the prime factors of m?
5, 103
Let u be (-8)/(-14) + 17584/98. Suppose -4*b - l - u = -0*l, 0 = -3*b - l - 134. Let v = 204 + b. List the prime factors of v.
2, 79
Suppose 12*d + 3*q = 39*d - 1120716, 0 = 4*d + 2*q - 166010. What are the prime factors of d?
41507
Suppose -3*v + 402 = 132. Let c = -53 + v. Suppose -33*z + c*z - 652 = 0. What are the prime factors of z?
163
Let b(r) = -2*r**3 - 26*r**2 + 218*r + 46. What are the prime factors of b(-28)?
2, 8731
Let w(n) = -3*n**2 - 35*n + 8. Let j be w(-12). Let y be (6/j)/((-2)/164). Suppose l + 3*o + 35 = y, -5*l - 4*o = -407. What are the prime factors of l?
79
Let d(l) = 4*l**2 - 6. Suppose -6*t - 48 = -36. Let a be d(t). Suppose -959 = -17*n + a*n. What are the prime factors of n?
137
Let l(s) = -10*s + 103. Let d be l(9). Let u(a) = a**2 - 17*a + 66. What are the prime factors of u(d)?
2, 7
Let r = -1635 + 1762. What are the prime factors of r?
127
Suppose 0 = -c + 8 + 10. Let b = 196 + c. What are the prime factors of b?
2, 107
Let r be 4/(-3)*-1*16*(-6)/(-4). Let q(v) = v - 15. Let h be q(7). List the prime factors of (-24)/r - 662/h.
2, 41
Let z(m) = -4815*m + 1647. What are the prime factors of z(-6)?
3, 13, 29
What are the prime factors of -69*13/(234/(-708))?
2, 23, 59
Let x(g) = 41*g**3 + 2*g**2 - 62*g - 26. List the prime factors of x(7).
3, 4567
Let b(o) = -13*o**2 - 11*o - 18. Let r(f) = f**2 + 1. Let k(c) = -b(c) - 2*r(c). Let x(i) be the first derivative of k(i). List the prime factors of x(5).
11
Let x(w) be the third derivative of 1/6*w**4 + w**3 + 31/60*w**5 + 0*w + 0 + 48*w**2. List the prime factors of x(-3).
3, 7, 13
Let t = 5885 + 14867. What are the prime factors of t?
2, 1297
Let s(l) = -2884*l + 2919. List the prime factors of s(-5).
7, 2477
Suppose 5*g + 14 = i + 1305, 2*i + 769 = 3*g. Let q be 174 - (0/1)/(-2). Let b = g - q. What are the prime factors of b?
5, 17
List the prime factors of (4796 + (34/(-119))/(3/(-21)))*3.
2, 3, 2399
Let i(b) = -82*b**3 - 4*b**2 - 7*b - 1. Let u be i(-3). Suppose 19*d - 30330 = u. List the prime factors of d.
2, 107
Let g = -23 - -23. Suppose g = 5*n - 2*t - 5 - 10, t = n - 6. What are the prime factors of ((-96)/8)/(-2*n)?
2, 3
Suppose 19*x - 17*x - 18519 - 11209 = 0. List the prime factors of x.
2, 929
List the prime factors of (42/(-21))/(4/30*45/(-20673)).
3, 2297
Suppose -7*t - 22*t - 12*t + 82 = 0. Let q(k) = 1 + 3*k**2 + 7*k**3 - 5*k + 9*k**3 + 0*k. What are the prime factors of q(t)?
131
Let y be 5/(-8)*4*-6. Let k(z) = 4*z**2 - 41*z + 22. What are the prime factors of k(y)?
307
Let u(a) = 30*a + 8. Let h(t) be the third derivative of -t**6/120 - 2*t**5/15 + 2*t**3/3 + 22*t**2. Let y be h(-8). List the prime factors of u(y).
2
Let g(s) = -89*s + 90. Suppose 7*p + 20 = 2*p. What are the prime factors of g(p)?
2, 223
Let b = 372 - 362. Suppose 0 = 4*y - 7*k + b*k - 911, -y + 3*k + 209 = 0. List the prime factors of y.
2, 7
Let b(r) = 255*r**2 - 25*r + 36. Let v be b(-9). Suppose 52*f = 31*f + v. List the prime factors of f.
2, 3, 83
Let i(b) = -b**3 + 31*b**2 + 31*b + 40. Let k be i(32). Suppose k = u + 3*u, -4*p = -2*u - 796. List the prime factors of p.
2, 5
Let m(d) = -d**2 + 17*d - 1. Let n be m(14). Suppose -2*h + 3*h = n. Suppose -181 = -2*c - h. List the prime factors of c.
2, 5, 7
Let b(h) = h**3 - 15*h**2 + 62*h - 47. Let c be b(16). List the prime factors of c + (0*(-4)/24)/(-4).
1201
Let a(l) = 205*l + 1266. What are the prime factors of a(69)?
3, 11, 467
Let t(a) = a**3 - 60*a**2 - 43*a + 39. What are the prime factors of t(63)?
3, 3079
Suppose 0 = -6*n + 10418 + 17795 + 57953. List the prime factors of n.
3, 4787
What are the prime factors of 10/(120/35442) + (-14)/(-28)?
2, 7, 211
Let k(f) = 5*f**2 - 15*f + 5. Let s(n) = n**3 - 4*n. Let w be s(2). Suppose 5*v - 21 = d, w*v - 16 = -3*v + 4*d. List the prime factors of k(v).
5
Suppose -13 = -2*d + 3. Suppose -914 + 1005 = 7*y. Let t = y - d. What are the prime factors of t?
5
Suppose 16917 = -9*u + 10*u. What are the prime factors of u?
3, 5639
Let d(l) = -7*l - 91. Let j be d(-39). Suppose -j*c + 189*c = 497. What are the prime factors of c?
71
Let f be (-20)/((-44)/10 - -4). Let k be f/(-30)*6/(-4)*2. Suppose k*u = -0*u + c + 70, 5 = c. List the prime factors of u.
3, 5
Suppose -201311 = -104*f + 227851 - 38850. What are the prime factors of f?
3, 139
Let t = -70 + 76. List the prime factors of (-335)/((-1 - 5)/t).
5, 67
Suppose -5*h = 25, -10040 = -70*c + 65*c - 2*h. What are the prime factors of c?
2, 3, 5, 67
Suppose 15*w - 23984 = 7*w. Suppose -5*n = 3*d + 2 - w, 5*d = 2*n + 4983. List the prime factors of d.
997
Let s = 5140 - 983. What are the prime factors of s?
4157
Let v(l) = -l**3 + 13*l**2 + 6*l - 9. Suppose -h + 2*h - 10 = 0. What are the prime factors of v(h)?
3, 13
Let u be 1/((-148)/(-48) - (6 - 3)). Suppose w + 0 = -4*s + u, 3*s + w = 8. Suppose 3*z = 3*v + 474, s*v - 346 = -4*z + 294. List the prime factors of z.
3, 53
Let w be -1 + -2 + (-2 - 368). Let v = 217 + w. Let g = v + 232. List the prime factors of g.
2, 19
Let i = -6890 + 19332. What are the prime factors of i?
2, 6221
Let a(w) = w**2 + 5*w - 12. Let s be a(8). Let v(l) = -l**3 - 9*l**2 - 13*l - 14. Let f be v(-6). Let y = f + s. What are the prime factors of y?
2, 3
Let u(j) = 3*j + 31. Let c be u(-6). Suppose 7 + c = 4*o, 2*o - 18 = -2*x. Suppose 353 = 3*s - x*i, 0*s + i + 119 = s. What are the prime factors of s?
3, 41
Let g = 332 + -110. Suppose -g*p = -236*p + 6258. What are the prime factors of p?
3, 149
Let w = -2509 + 5214. Suppose w = 21*k + 101. What are the prime factors of k?
2, 31
Suppose -54*n - 38*n = -1137028. List the prime factors of n.
17, 727
Suppose -3*h + 33555 = -3*m, -27*h = -26*h - 5*m - 11161. List the prime factors of h.
19, 31
Suppose 122*r - 114*r - 2000 = 0. Suppose -20*u + 850 = -r. List the prime factors of u.
5, 11
Suppose 4562761 = 344*j - 603431. List the prime factors of j.
2, 3, 2503
Let t = 24445 - 14562. What are the prime factors of t?
9883
Let n = 45317 - 22388. What are the prime factors of n?
3, 7643
Let p(l) = -8*l. Let k be p(1). Let c(w) = w**3 + 10*w**2 + 15*w - 4. Let i be c(k). Suppose -64 = -i*h + 32. List the prime factors of h.
2, 3
Suppose 17*m = 12*m + 10. Suppose 5*c - 208 = 2*x + 901, -m*c + 438 = 2*x. List the prime factors of c.
13, 17
Suppose 7*i = -41 + 251. Suppose -i*y - 1288 = 